{"id":107,"date":"2024-10-20T14:28:11","date_gmt":"2024-10-20T14:28:11","guid":{"rendered":"https:\/\/voluntastur.org\/congresovoluntariado\/?page_id=107"},"modified":"2024-10-21T09:49:31","modified_gmt":"2024-10-21T09:49:31","slug":"participa-call-of-papers","status":"publish","type":"page","link":"https:\/\/voluntastur.org\/congresovoluntariado\/participa-call-of-papers\/","title":{"rendered":"Participa (call of papers)"},"content":{"rendered":"\n<h3 class=\"wp-block-heading\">Introducci\u00f3n y ejes de participaci\u00f3n<\/h3>\n\n\n\n<p>El lema del XXIII Congreso Estatal del Voluntariado, \u201cVoluntariado para una sociedad inclusiva: innovaci\u00f3n y sostenibilidad\u201d, refleja el compromiso del sector voluntario con la construcci\u00f3n de una sociedad m\u00e1s justa, inclusiva y resiliente. Este congreso se presenta como un espacio de reflexi\u00f3n y di\u00e1logo para destacar el papel del voluntariado en la promoci\u00f3n de la cohesi\u00f3n social y su capacidad de respuesta ante los desaf\u00edos actuales.<\/p>\n\n\n\n<p>Los ejes tem\u00e1ticos sobre los que girar\u00e1 la participaci\u00f3n en este congreso son los siguientes:<\/p>\n\n\n\n<ul class=\"wp-block-list\">\n<li>Voluntariado y sociedad inclusiva. Reflexionar sobre el papel del voluntariado en la creaci\u00f3n de una sociedad inclusiva, solidaria y equitativa, con un enfoque de derechos y participaci\u00f3n.<\/li>\n\n\n\n<li>Innovaci\u00f3n en la pr\u00e1ctica voluntaria. Explorar nuevas formas de voluntariado y la aplicaci\u00f3n de tecnolog\u00edas y metodolog\u00edas innovadoras que mejoren la eficiencia y el impacto de la acci\u00f3n voluntaria.<\/li>\n\n\n\n<li>Sostenibilidad y Objetivos de Desarrollo Sostenible (ODS). Debatir sobre c\u00f3mo el voluntariado puede contribuir de manera activa a la consecuci\u00f3n de los ODS y al fomento de una ciudadan\u00eda responsable con el entorno.<\/li>\n\n\n\n<li>Relaci\u00f3n entre voluntariado y otros actores sociales. Analizar el v\u00ednculo entre la acci\u00f3n voluntaria y otras entidades del \u00e1mbito empresarial, educativo y cultural, as\u00ed como la promoci\u00f3n de alianzas para fomentar el voluntariado corporativo y comunitario.<\/li>\n\n\n\n<li>Evaluaci\u00f3n del impacto social de la labor voluntaria. Identificar herramientas y metodolog\u00edas para medir el impacto y resultados del voluntariado en las distintas \u00e1reas de intervenci\u00f3n, con el objetivo de visibilizar su valor a\u00f1adido.<\/li>\n<\/ul>\n\n\n\n<h3 class=\"wp-block-heading\">Modalidad de presentaci\u00f3n<\/h3>\n\n\n\n<ul class=\"wp-block-list\">\n<li><strong>Comunicaciones:<\/strong><\/li>\n<\/ul>\n\n\n\n<p>Las comunicaciones son documentos en los que el autor\/es expone\/n a la comunidad cient\u00edfica y profesional aspectos relacionados con alguno de los ejes tem\u00e1ticos del congreso. Se podr\u00e1n enviar comunicaciones de distinta naturaleza, a saber:<\/p>\n\n\n\n<ul class=\"wp-block-list\">\n<li>De car\u00e1cter cient\u00edfico: donde se presenten an\u00e1lisis exhaustivos, enfoques novedosos, y\/o tendencias de inter\u00e9s en el marco de los temas del congreso.<\/li>\n\n\n\n<li>Experiencias: donde se comuniquen pr\u00e1cticas profesionales que hayan surgido en el marco del voluntariado.<\/li>\n\n\n\n<li>Proyectos: Ideas futuras, pasadas o en curso, que puedan tener forma de proyectos formales.<\/li>\n<\/ul>\n\n\n\n<p>Para la redacci\u00f3n y presentaci\u00f3n de comunicaciones se deben tener en cuenta las siguientes indicaciones:<\/p>\n\n\n\n<ul class=\"wp-block-list\">\n<li>Se presentar\u00e1n, en todo caso, a texto completo. El documento que se env\u00ede para su valoraci\u00f3n tendr\u00e1 consideraci\u00f3n de definitivo, aunque el comit\u00e9 cient\u00edfico podr\u00e1 realizar sugerencias de modificaci\u00f3n, que el autor\/es incorporar\u00e1\/n a la versi\u00f3n final del documento.<\/li>\n\n\n\n<li>Se completar\u00e1 la informaci\u00f3n relativa a t\u00edtulo, autor y filiaci\u00f3n, resumen y palabras clave en espa\u00f1ol e ingl\u00e9s, en la aplicaci\u00f3n, no en el documento, para garantizar un proceso de revisi\u00f3n an\u00f3nimo.<\/li>\n\n\n\n<li>Podr\u00e1n presentarse en cualquier est\u00e1ndar de documento de texto o visualizaci\u00f3n de archivos (OpenDoc, Office, etc.), con una extensi\u00f3n flexible (nunca mayor de 6000 palabras, ni menor de 2500). Incluyendo im\u00e1genes, tablas, etc., el documento final no debe exceder de 20 Mb, y debe seguir la plantilla de estilo adjunta.<\/li>\n\n\n\n<li>La estructura id\u00f3nea de una comunicaci\u00f3n podr\u00eda seguir un esquema parecido a \u00e9ste:&nbsp;<ul><li>Introducci\u00f3n; planteamiento y objetivos;&nbsp;<\/li><\/ul><ul><li>Metodolog\u00eda y desarrollo del proyecto o investigaci\u00f3n;&nbsp;<\/li><\/ul><ul><li>Resultados y\/o discusi\u00f3n,&nbsp;<\/li><\/ul><ul><li>Conclusiones&nbsp;<\/li><\/ul>\n<ul class=\"wp-block-list\">\n<li>Referencias bibliogr\u00e1ficas: modelo de citaci\u00f3n ser\u00e1 autor-fecha, y el listado final de referencias bibliogr\u00e1ficas se realizar\u00e1 siguiendo el estilo de la&nbsp;<a href=\"http:\/\/www.apastyle.org\/\">APA.<\/a><\/li>\n<\/ul>\n<\/li>\n<\/ul>\n\n\n\n<h3 class=\"wp-block-heading\">Condiciones y plazos de presentaci\u00f3n de contribuciones al Congreso<span style=\"margin: 2pt 0cm 0cm; line-height: 18.559999px; break-after: avoid; font-size: 12pt; font-family: &quot;Aptos Display&quot;, sans-serif; color: rgb(10, 47, 64); white-space: normal;\"><span style=\"font-family: Calibri, sans-serif;\"><\/span><\/span><\/h3>\n\n\n\n<p>Las propuestas se enviar\u00e1n a trav\u00e9s del formulario habilitado para su evaluaci\u00f3n por el comit\u00e9\u0301 cient\u00edfico<\/p>\n\n\n\n<p><a href=\"https:\/\/forms.gle\/k8D9sUZhyAu1FnHU9\" data-type=\"link\" data-id=\"https:\/\/forms.gle\/k8D9sUZhyAu1FnHU9\" target=\"_blank\" rel=\"noreferrer noopener\">formulario comunicaciones <\/a><\/p>\n\n\n\n<p>O tambi\u00e9n a trav\u00e9s del correo: participa@voluntastur.org.<\/p>\n\n\n\n<p>El plazo para el env\u00edo de propuestas es del 14 de octubre al 14 de noviembre.\u00a0<br><\/p>\n\n\n\n<p>Las propuestas aceptadas conformar\u00e1n parte del programa del Congreso para su presentaci\u00f3n o realizaci\u00f3n y, en el caso de las comunicaciones, se publicar\u00e1n de forma digital y abierta (con licencia CC, BY-NC), en las actas del congreso.<\/p>\n\n\n\n<p>La organizaci\u00f3n del Congreso certificar\u00e1 individualmente la participaci\u00f3n y coordinaci\u00f3n de actividades profesionales y la presentaci\u00f3n de comunicaciones y\/o p\u00f3steres.<\/p>\n\n\n\n<hr class=\"wp-block-separator has-alpha-channel-opacity\"\/>\n\n\n\n<p><\/p>\n\n\n\n<p><\/p>\n","protected":false},"excerpt":{"rendered":"<p>Introducci\u00f3n y ejes de participaci\u00f3n El lema del XXIII Congreso Estatal del Voluntariado, \u201cVoluntariado para una sociedad inclusiva: innovaci\u00f3n y sostenibilidad\u201d, refleja el compromiso del sector voluntario con la construcci\u00f3n de una sociedad m\u00e1s justa, inclusiva y resiliente. Este congreso se presenta como un espacio de reflexi\u00f3n y di\u00e1logo para destacar el papel del voluntariado [&hellip;]<\/p>\n","protected":false},"author":1,"featured_media":162,"parent":0,"menu_order":0,"comment_status":"closed","ping_status":"closed","template":"","meta":{"footnotes":""},"class_list":["post-107","page","type-page","status-publish","has-post-thumbnail","hentry"],"_links":{"self":[{"href":"https:\/\/voluntastur.org\/congresovoluntariado\/wp-json\/wp\/v2\/pages\/107","targetHints":{"allow":["GET"]}}],"collection":[{"href":"https:\/\/voluntastur.org\/congresovoluntariado\/wp-json\/wp\/v2\/pages"}],"about":[{"href":"https:\/\/voluntastur.org\/congresovoluntariado\/wp-json\/wp\/v2\/types\/page"}],"author":[{"embeddable":true,"href":"https:\/\/voluntastur.org\/congresovoluntariado\/wp-json\/wp\/v2\/users\/1"}],"replies":[{"embeddable":true,"href":"https:\/\/voluntastur.org\/congresovoluntariado\/wp-json\/wp\/v2\/comments?post=107"}],"version-history":[{"count":5,"href":"https:\/\/voluntastur.org\/congresovoluntariado\/wp-json\/wp\/v2\/pages\/107\/revisions"}],"predecessor-version":[{"id":154,"href":"https:\/\/voluntastur.org\/congresovoluntariado\/wp-json\/wp\/v2\/pages\/107\/revisions\/154"}],"wp:featuredmedia":[{"embeddable":true,"href":"https:\/\/voluntastur.org\/congresovoluntariado\/wp-json\/wp\/v2\/media\/162"}],"wp:attachment":[{"href":"https:\/\/voluntastur.org\/congresovoluntariado\/wp-json\/wp\/v2\/media?parent=107"}],"curies":[{"name":"wp","href":"https:\/\/api.w.org\/{rel}","templated":true}]}}