{"id":137,"date":"2024-10-20T15:04:08","date_gmt":"2024-10-20T15:04:08","guid":{"rendered":"https:\/\/voluntastur.org\/congresovoluntariado\/?page_id=137"},"modified":"2024-11-06T08:46:57","modified_gmt":"2024-11-06T08:46:57","slug":"contacto","status":"publish","type":"page","link":"https:\/\/voluntastur.org\/congresovoluntariado\/contacto\/","title":{"rendered":"Contacto"},"content":{"rendered":"\n<p>Si tienes alguna consulta o necesitas m\u00e1s informaci\u00f3n sobre el XXIII Congreso Estatal del Voluntariado, no dudes en ponerte en contacto con nosotros a trav\u00e9s de:<\/p>\n\n\n\n<ul class=\"wp-block-list\">\n<li>Correo electr\u00f3nico: participa@voluntastur.org<\/li>\n<\/ul>\n\n\n\n<p>Utiliza en las redes sociales los hashtags: <br><strong>#CongresoVoluntariado2024<\/strong> <br><strong>#CEV2024<\/strong><\/p>\n\n\n\n<p><\/p>\n","protected":false},"excerpt":{"rendered":"<p>Si tienes alguna consulta o necesitas m\u00e1s informaci\u00f3n sobre el XXIII Congreso Estatal del Voluntariado, no dudes en ponerte en contacto con nosotros a trav\u00e9s de: Utiliza en las redes sociales los hashtags: #CongresoVoluntariado2024 #CEV2024<\/p>\n","protected":false},"author":1,"featured_media":162,"parent":0,"menu_order":0,"comment_status":"closed","ping_status":"closed","template":"","meta":{"footnotes":""},"class_list":["post-137","page","type-page","status-publish","has-post-thumbnail","hentry"],"_links":{"self":[{"href":"https:\/\/voluntastur.org\/congresovoluntariado\/wp-json\/wp\/v2\/pages\/137","targetHints":{"allow":["GET"]}}],"collection":[{"href":"https:\/\/voluntastur.org\/congresovoluntariado\/wp-json\/wp\/v2\/pages"}],"about":[{"href":"https:\/\/voluntastur.org\/congresovoluntariado\/wp-json\/wp\/v2\/types\/page"}],"author":[{"embeddable":true,"href":"https:\/\/voluntastur.org\/congresovoluntariado\/wp-json\/wp\/v2\/users\/1"}],"replies":[{"embeddable":true,"href":"https:\/\/voluntastur.org\/congresovoluntariado\/wp-json\/wp\/v2\/comments?post=137"}],"version-history":[{"count":9,"href":"https:\/\/voluntastur.org\/congresovoluntariado\/wp-json\/wp\/v2\/pages\/137\/revisions"}],"predecessor-version":[{"id":187,"href":"https:\/\/voluntastur.org\/congresovoluntariado\/wp-json\/wp\/v2\/pages\/137\/revisions\/187"}],"wp:featuredmedia":[{"embeddable":true,"href":"https:\/\/voluntastur.org\/congresovoluntariado\/wp-json\/wp\/v2\/media\/162"}],"wp:attachment":[{"href":"https:\/\/voluntastur.org\/congresovoluntariado\/wp-json\/wp\/v2\/media?parent=137"}],"curies":[{"name":"wp","href":"https:\/\/api.w.org\/{rel}","templated":true}]}}