{"id":180,"date":"2024-11-05T13:46:47","date_gmt":"2024-11-05T13:46:47","guid":{"rendered":"https:\/\/voluntastur.org\/congresovoluntariado\/?page_id=180"},"modified":"2024-11-15T17:10:11","modified_gmt":"2024-11-15T17:10:11","slug":"programa-social","status":"publish","type":"page","link":"https:\/\/voluntastur.org\/congresovoluntariado\/programa-social\/","title":{"rendered":"Programa Social"},"content":{"rendered":"\n<ul class=\"wp-block-list\">\n<li>Visita Avil\u00e9s\n<ul class=\"wp-block-list\">\n<li>Organizado por: Ayuntamiento de Avil\u00e9s.<\/li>\n\n\n\n<li>D\u00eda: martes 3 de diciembre a las 19:00 horas<\/li>\n\n\n\n<li>Lugar: Plaza de Espa\u00f1a Avil\u00e9s (junto al Ayuntamiento de Avil\u00e9s)<br><\/li>\n<\/ul>\n<\/li>\n\n\n\n<li>\u00c9tica y Po\u00e9tica.<ul><li>Organizado por: Plataforma del Voluntariado (PVE)<\/li><\/ul><ul><li>D\u00eda: mi\u00e9rcoles 4 de diciembre<br>Hora: 20:30h.<\/li><\/ul><ul><li>Lugar de celebraci\u00f3n: El Calendoscopio, C. de Ferrer\u00eda 20, Avil\u00e9s, Asturias<\/li><\/ul><ul><li>Presentador: \u00c1ngel Cuesta<\/li><\/ul>\n<ul class=\"wp-block-list\">\n<li>Artistas: Bibiana;&nbsp;&nbsp;Ciudadano tinta; Fee Reega; Gatoperro; H\u00e9ctor tuya; Vanesa Li\u00f1ero.<\/li>\n\n\n\n<li>\u00c9tica y Po\u00e9tica es una iniciativa de la Plataforma del Voluntariado de Espa\u00f1a que est\u00e1 ligada a la poes\u00eda con el objetivo de reivindicar el valor de la solidaridad a trav\u00e9s de poemas, rimas y canciones que acercan distintas realidades a la juventud. Poetas, letristas, cantantes y artistas urbanos reafirman con sus versos el poder transformador de la palabra.&nbsp;<\/li>\n\n\n\n<li>*Si hay cambios de hora en la \u00faltima jornada del Congreso, la hora de comienzo de este evento se retrasar\u00e1 media hora.<\/li>\n<\/ul>\n<\/li>\n<\/ul>\n\n\n<p align=\"CENTER\"><iframe src=\"https:\/\/www.google.com\/maps\/embed?pb=!1m18!1m12!1m3!1d92524.65483594946!2d-6.003782647554777!3d43.556642118160575!2m3!1f0!2f0!3f0!3m2!1i1024!2i768!4f13.1!3m3!1m2!1s0xd369b60c94371cd%3A0x54549488ca11300!2sBar%20El%20Calendoscopio!5e0!3m2!1ses!2ses!4v1730814881970!5m2!1ses!2ses\" width=\"600\" height=\"450\" style=\"border:0;\" allowfullscreen=\"\" loading=\"lazy\" referrerpolicy=\"no-referrer-when-downgrade\"><\/iframe><\/p>\n\n\n<ul class=\"wp-block-list\">\n<li>Exposici\u00f3n de fotograf\u00edas \u00ab12 miradas\u00bb<ul><li>Organizado por: Plataforma del Voluntariado (PVE)<\/li><\/ul><ul><li>D\u00eda: 4 y 5 de diciembre<\/li><\/ul>\n<ul class=\"wp-block-list\">\n<li>Lugar: Centro Niemeyer, Avil\u00e9s<\/li>\n\n\n\n<li>La Exposici\u00f3n fotogr\u00e1fica \u201c12 Miradas\u201d se trata de una propuesta art\u00edstica que recorre diez a\u00f1os de foto social, a trav\u00e9s de las m\u00e1s grandes figuras de la fotograf\u00eda de este pa\u00eds. Esta iniciativa de la Plataforma del Voluntariado de Espa\u00f1a recoge 18 fotograf\u00edas en blanco y negro que invitan a mirar la pobreza, a exigir la igualdad y a denunciar la injusticia.<\/li>\n\n\n\n<li>Estar\u00e1 localizada a la entrada del Centro Niemeyer y abierta al p\u00fablico desde el comienzo del Congreso el d\u00eda 4 de diciembre hasta su clausura el 5 de diciembre.&nbsp;<br><\/li>\n<\/ul>\n<\/li>\n\n\n\n<li>Exposici\u00f3n de carteles de Voluntariado del Principado de Asturias<ul><li>Organizado por: Centros de Voluntariado y Participaci\u00f3n Social del Principado de Asturias y la Plataforma del Voluntariado de Asturias (PVA)<\/li><\/ul><ul><li>D\u00eda: 4 y 5 de diciembre<\/li><\/ul>\n<ul class=\"wp-block-list\">\n<li>Lugar: Centro Niemeyer, Avil\u00e9s<\/li>\n<\/ul>\n<\/li>\n<\/ul>\n\n\n\n<ul class=\"wp-block-list\">\n<li>Proyecto ODServa\n<ul class=\"wp-block-list\">\n<li>Organizado por: Plataforma del Voluntariado (PVE)<\/li>\n\n\n\n<li>D\u00eda: 4 y 5 de diciembre<\/li>\n\n\n\n<li>Lugar: Centro Niemeyer, Avil\u00e9s<\/li>\n\n\n\n<li>ODServa es un videojuego de realidad virtual que acerca los Objetivos de Desarrollo Sostenible a estudiantes del entorno universitario. Cada reto est\u00e1 vinculado a uno de los 17 ODS con el objetivo de acercar diferentes pr\u00e1cticas sostenibles a la juventud y fomentar su implicaci\u00f3n en los grandes problemas globales. La iniciativa est\u00e1 impulsada por la Plataforma del Voluntariado de Espa\u00f1a y la Universidad Polit\u00e9cnica de Cartagena.<\/li>\n\n\n\n<li>Su localizaci\u00f3n y horario est\u00e1n a\u00fan sin determinar<\/li>\n<\/ul>\n<\/li>\n<\/ul>\n","protected":false},"excerpt":{"rendered":"","protected":false},"author":1,"featured_media":162,"parent":0,"menu_order":0,"comment_status":"closed","ping_status":"closed","template":"","meta":{"footnotes":""},"class_list":["post-180","page","type-page","status-publish","has-post-thumbnail","hentry"],"_links":{"self":[{"href":"https:\/\/voluntastur.org\/congresovoluntariado\/wp-json\/wp\/v2\/pages\/180","targetHints":{"allow":["GET"]}}],"collection":[{"href":"https:\/\/voluntastur.org\/congresovoluntariado\/wp-json\/wp\/v2\/pages"}],"about":[{"href":"https:\/\/voluntastur.org\/congresovoluntariado\/wp-json\/wp\/v2\/types\/page"}],"author":[{"embeddable":true,"href":"https:\/\/voluntastur.org\/congresovoluntariado\/wp-json\/wp\/v2\/users\/1"}],"replies":[{"embeddable":true,"href":"https:\/\/voluntastur.org\/congresovoluntariado\/wp-json\/wp\/v2\/comments?post=180"}],"version-history":[{"count":10,"href":"https:\/\/voluntastur.org\/congresovoluntariado\/wp-json\/wp\/v2\/pages\/180\/revisions"}],"predecessor-version":[{"id":196,"href":"https:\/\/voluntastur.org\/congresovoluntariado\/wp-json\/wp\/v2\/pages\/180\/revisions\/196"}],"wp:featuredmedia":[{"embeddable":true,"href":"https:\/\/voluntastur.org\/congresovoluntariado\/wp-json\/wp\/v2\/media\/162"}],"wp:attachment":[{"href":"https:\/\/voluntastur.org\/congresovoluntariado\/wp-json\/wp\/v2\/media?parent=180"}],"curies":[{"name":"wp","href":"https:\/\/api.w.org\/{rel}","templated":true}]}}